*2 + 35*t + 158. What is the remainder when q(-6) is divided by 49?
43
Suppose -38*y - 91 = -851. What is the remainder when 268 is divided by y?
8
Suppose -10 = -2*w - 0. Let f = w - 4. Let z = 4 + f. What is the remainder when 7 is divided by z?
2
Calculate the remainder when 410 is divided by 76 + -3 + (-1 + -6 - -3).
65
Suppose r - 29 = -25. Suppose 5*i - 57 = -r*y, 4*i - 2*i = 5*y - 63. What is the remainder when y is divided by 4?
1
Let z = -29 + 59. Suppose 4*f + 404 = 2*p - 60, -p + 232 = -f. Suppose -90*n = -86*n - p. What is the remainder when n is divided by z?
28
Suppose -2*h + 150 = 3*h. Let j be (2 - 6)*(-2)/(24/78). Suppose -2*m = -2*i + m + j, -2*i + 2*m = -h. Calculate the remainder when 36 is divided by i.
17
Let p(n) = -n**2 + 10*n + 19. Calculate the remainder when 187 is divided by p(10).
16
Let v(d) = d**2 - 8*d + 4. Let h = -23 - -73. Calculate the remainder when h is divided by v(9).
11
Suppose 835 = 5*r - 5*y, -5*y = -7*r + 12*r - 855. What is the remainder when r is divided by 36?
25
Let n be (39/(-26))/(2/(-4)). Suppose -n*r - 2 = -56. Calculate the remainder when 53 is divided by r.
17
Let m be (-20)/9 + 3 + (-150)/54. What is the remainder when 27 is divided by m + 0 + (144/(-3))/(-4)?
7
Suppose -5*i - 52205 = -52555. Let y(f) = f**2 - 3*f + 5. Calculate the remainder when i is divided by y(4).
7
Let a(u) = u**3 + 6*u**2 - 6*u - 6. What is the remainder when a(9) is divided by 20?
15
Let n(w) = -w**3 + 10*w**2 - 18*w + 53. Calculate the remainder when 251 is divided by n(8).
29
Suppose 0*j - 60 = -4*j. Suppose -2*d + 1 + j = 0. Suppose -4*y + 18 = -m, 0 = -d*m + 3*m - 10. Calculate the remainder when 10 is divided by y.
2
Let k(v) = -v + 4. Suppose -n + 0 + 2 = 0, -2*b = -2*n - 128. What is the remainder when k(-3) is divided by (-2)/(-11) - (-318)/b?
2
Suppose 5*a + 1726 = -1244. What is the remainder when 2/8 - a/24 is divided by (-68)/(-4) - (1 + 3)?
12
Suppose -11*s + 55 = -6*s + 5*n, 0 = 4*s - 2*n - 56. Let m(t) = -t - 6. Let b be m(-4). Let x = b + 10. What is the remainder when s is divided by x?
5
Suppose 870 = 15*f - 75. Let x(j) = 17*j**2 + 2*j + 1. Calculate the remainder when f is divided by x(-1).
15
Suppose 4*m = 293 + 91. Suppose -6*h + q = -h - 438, h = -4*q + m. What is the remainder when h is divided by 13?
10
Let t be -1 + 3 + (-2)/1. Suppose 2*q + 4 - 64 = t. Let c(m) = m + 3. What is the remainder when q is divided by c(5)?
6
Suppose -3*d - x + 159 = -2*x, -d - 2*x = -60. Suppose d = 2*o + o. Suppose 420 = 8*a - 2*a. Calculate the remainder when a is divided by o.
16
Suppose -12*f + 643 - 199 = 0. Calculate the remainder when 164 is divided by f.
16
Suppose -3 = 5*i + 2, -5*i - 450 = -5*k. Calculate the remainder when k is divided by (15/(-6))/(3/(-18)).
14
Suppose 4*j + 3*j - 1855 = 0. Suppose -5*h - 2*y = -265, 0*y - j = -5*h + 3*y. What is the remainder when h is divided by 28?
25
Suppose -5*y - 15 = -5*n, -3 = -4*n + 5*y + 8. Suppose 0 = n*g - 126 - 30. What is the remainder when 154 is divided by g?
37
Suppose -3*x + 4*d + 29 = 0, -6*d + 2*d - 8 = 4*x. Suppose -291 = x*g - 6*g. What is the remainder when g is divided by 33?
31
Suppose 3*d + d = 5*s - 243, 3*d = -6. Let l = 8 + -8. Calculate the remainder when s is divided by 0 + l - (-1 - 11).
11
Suppose 2*j - 5*m = 1 - 2, m - 5 = 0. Suppose t = 2*a + 36, a = 4*t - 1 - 178. Calculate the remainder when t is divided by j.
10
Suppose -2*j = 400 - 942. Calculate the remainder when j is divided by 8.
7
Let d(a) = 34*a + 34. What is the remainder when d(4) is divided by 29?
25
Calculate the remainder when (-46)/69*(-297)/2 is divided by 26.
21
Let p(t) = 32*t - 59. What is the remainder when p(9) is divided by 60?
49
Suppose -v + 0*v = -34. Calculate the remainder when v is divided by (6 + (4 - 4))*(-6)/(-4).
7
Let v = 134 - 189. Let n = v - -56. Calculate the remainder when 2 is divided by n.
0
Let x(v) = -v**2 + 9*v - 15. Calculate the remainder when (2/(-4))/(1/(-38)) is divided by x(5).
4
Suppose 0*a - 4*a - 3*s + 253 = 0, 3*s + 15 = 0. Let k = 364 + -347. What is the remainder when a is divided by k?
16
Let z = 119 - 60. Suppose -z = -2*x + 3*v + 199, -536 = -4*x + v. Calculate the remainder when x is divided by 46.
43
Suppose 2*h - 54 = -h. Suppose d + 7 = -0*d - 3*l, -5*l = -5*d + 25. Suppose -4*u + m = -43, 5*u = m + d*m + 59. Calculate the remainder when h is divided by u.
8
Let l = 37 - 37. Suppose l = -g - 2*t + 12, 2*t + 32 = 5*g - 2*t. Suppose 0 = -5*a + g*a - 15. What is the remainder when 7 is divided by a?
2
Let y = 48 + -49. Let v = -17 - -35. What is the remainder when (52 - (y - -4)) + 2 is divided by v?
15
What is the remainder when (-12 - -20)*66/4 is divided by 28?
20
Let m = -2099 - -2103. Suppose -4*o - 2*z = -36, 0*o + 4*o - 38 = -z. Let h = 17 - o. What is the remainder when h is divided by m?
3
Let y be (-15)/(-30) - (-102)/(-4). Let x = -14 - y. Calculate the remainder when 63 is divided by x.
8
What is the remainder when (6 + 58)/(1/2) is divided by 33?
29
Suppose -5*q + 3*t = 18 + 7, -3*q - 2*t = -4. Let l be (7 - 1) + q + -1. Let z(r) = r**3 - 4*r**2 + 5*r - 2. What is the remainder when z(l) is divided by 2?
0
What is the remainder when 734 is divided by -85 - -97 - (-1 - 3)?
14
Suppose 3*y - 150 = -5*m, 4*y - 15 = -4*m + 97. Calculate the remainder when 73 is divided by m.
7
Let t(x) = 2*x**2 - 12*x + 6. Let c be t(8). Let p be -65*(-6)/(-45)*3. Let i = p + c. What is the remainder when 21 is divided by i?
9
Suppose 6*h - 38 - 28 = 0. What is the remainder when 31 is divided by h?
9
Suppose -4*i = 2*r - 1018, -3 = -i + 1. What is the remainder when r is divided by 12?
9
Let h(y) = y**3 - 20*y**2 + 35*y + 38. What is the remainder when 93 is divided by h(18)?
13
What is the remainder when -3 - 86/(-30) - 7208/(-60) is divided by 31?
27
Let j be (-14)/2*(-6)/2. Suppose -48 = 2*i - 5*i. What is the remainder when i is divided by 21/6*36/j?
4
What is the remainder when (42935/620)/((-2)/(-16)) is divided by 80?
74
What is the remainder when (48/(-2))/((44/16)/(-11)) is divided by (-598)/(-18) + 2/(-9)?
30
Let k(p) = 3*p**2 - 27*p + 2. Let r be k(9). Suppose 2*a = 4*w + 6*a - 80, 4*w + 2*a = 72. Calculate the remainder when (r/3)/(4/174) is divided by w.
13
Let j(k) = -48*k - 6. Let w be j(-3). Suppose -4*f + 142 = a - 2*a, 4*f + a - w = 0. What is the remainder when f is divided by 19?
16
Let l(t) = t + 7. Let i be l(-4). Suppose -64 = i*h + h. Let n = h - -51. What is the remainder when n is divided by 9?
8
Let l(d) = -40*d. Let r = -1291 + 844. Calculate the remainder when l(-1) is divided by -2*(-1)/(-7) + r/(-21).
19
Suppose 4 - 7 = -y. Suppose 5*k - 11 + 47 = 2*g, 2*g = y*k + 28. Calculate the remainder when 68 is divided by g.
4
Let k(m) = -5*m + 46. Suppose 105 + 16 = y. What is the remainder when y is divided by k(3)?
28
Let u be -2*1/2 + 6. Let i(p) = 2*p**3 - p + 5. Let h be i(0). Suppose -4*o + u*m = -o - 26, -o = -h*m + 8. What is the remainder when o is divided by 10?
7
Let w = -529 - -581. What is the remainder when w is divided by 40?
12
Let w(c) = 22*c - 38. What is the remainder when w(6) is divided by 14?
10
Let k = 267 - 229. What is the remainder when k is divided by 20?
18
Suppose -130*k + 122*k + 160 = 0. Calculate the remainder when 69 is divided by k.
9
Let k(u) = 3*u**3 + 9*u**2 - 5*u - 11. What is the remainder when k(3) is divided by 74?
62
Suppose 0 = 2*c - 136 + 76. Calculate the remainder when (-1)/(-5) + 1488/10 is divided by c.
29
Suppose -6*q + 900 = 30*q. Calculate the remainder when q is divided by 11.
3
Let k(s) be the second derivative of -3*s + 1/2*s**2 + 0 + 25/6*s**3. What is the remainder when k(1) is divided by 7?
5
Let d = 19 - -13. Let p(m) be the third derivative of -5*m**4/24 - 83*m**3/6 - 71*m**2. What is the remainder when d is divided by p(-19)?
8
Let c(g) = -150*g**3 + 2*g**2 + 3*g - 2. Let b be c(3). Calculate the remainder when 4/6 - (b/(-21))/(-5) is divided by 25.
14
Let d = -84 + 120. Suppose 11*b = 13*b - d. What is the remainder when b is divided by 12?
6
Suppose -5*a - 5*m + 420 = 0, -4*a - 3*m + 29 + 306 = 0. What is the remainder when 327 is divided by a?
78
Let m(a) = -34*a**3 + 3*a**2 + 39*a + 105. What is the remainder when m(-3) is divided by 18?
1